10 + 25 - 22) + 6 + (19 - 0)
18
What is -3 + 1 + (-12 - -24) + -7?
3
-1 - 11 - -2 - ((37 - 70) + 27)
-4
Calculate (5 - (-6 - (-7 - 10)) - -9) + 18.
21
What is -2 + (-7 - 2 - 3)?
-14
Calculate -9 + 2 + -5 + 0 + 9 + -2.
-5
What is 8 + -8 + (5 - (22 - -1)) + 0?
-18
Calculate -4 + (-4 + 12 - 7 - -11).
8
(205 - 190) + -30 + (4 - 4)
-15
What is the value of -55 + 65 + 2 + 4?
16
Evaluate (0 - (13 - 3)) + 6 + -7.
-11
Calculate 7 + 0 + -10 + -4 + 9.
2
What is -13 + 7 - (30 + -23 - (1 + 5))?
-7
Calculate -17 + (7 - (0 + -42)).
32
Evaluate 635 - 636 - (0 - -25).
-26
What is the value of 7 + -16 + (-4 - 0 - -12)?
-1
Evaluate -12 + (15 - (-17 - -9)).
11
What is the value of 8 + 1 + 0 + 38 + (-101 - -46)?
-8
What is the value of -9 - (-30 + (12 - -2))?
7
What is the value of -11 + (-13 - -13) + 16?
5
What is -5 - ((-7 - 3) + -13)?
18
Evaluate 0 - 11 - 6 - (-1 - 0).
-16
-9 + (-18 - (8 + -26))
-9
77 - 80 - (-30 - -1) - (4 - 1)
23
Calculate 9 + 1 + (-11 - ((-18 - -10) + 0)).
7
Calculate 1 + 23 + 1145 + -1157.
12
Evaluate 40 + 18 + -50 + -10.
-2
1 - (-13 + 13 - 11)
12
What is -22 - (-17 - 2) - -17?
14
What is the value of -2 + (-9 - (-12 - -6) - (1 - 3))?
-3
Calculate 25 - 12 - (30 + (6 - -5)).
-28
Calculate (13 - 6) + 5 + -14 + 3.
1
Calculate -24 - -28 - (6 + -1 + (3 - 0)).
-4
Calculate (4 - (54 - 15)) + 33.
-2
-94 + 83 + -4 + (15 - -2)
2
Calculate -6 + -1 + 3 - -4 - (9 - 23).
14
Evaluate 12 - (-9 - (0 + 5 + -6 + -9)).
11
12 + 9 - 15 - 18
-12
What is the value of 33 + -23 + (-7 - 8)?
-5
Calculate 11 + 7 + -15 - 16.
-13
28 - (4 + (-10 - (-12 + 13)) + 4)
31
Calculate (-11 - (-2 + -23 + 9)) + (-6 - 1).
-2
2 + 21 + -24 - (11 + -2)
-10
Calculate 14 + -16 + -6 + (5 + -4 - 2).
-9
What is (-70 - (-32 + 21)) + 29?
-30
Calculate 15 + -26 - -4 - (-1 - -9).
-15
Calculate -10 + (-1 - (7 - 14) - 12 - -4).
-12
What is the value of -2 + -15 - (-77 - -67)?
-7
Calculate -11 - (-3 + -1 + (9 - (14 - 12))).
-14
What is 16 + (3 - 10) + 4 - 5?
8
Calculate -6 + 8 + -5 - (1 - 0).
-4
Evaluate 2 - -5 - (-14 - (16 + -19 - 12)).
6
Evaluate -9 - 4 - (32 - (-1 + 26)).
-20
-83 + 78 - (2 - 4)
-3
Evaluate 2439 - 2425 - (-5 + (-2 - -4)).
17
Evaluate -6 + (-23 - -1) + -76 + 85.
-19
Evaluate 16 + (1 - (29 - 2)) + (-1 - -40).
29
Evaluate (1 + -5 - -4) + 0 + 15.
15
Evaluate -5 + -8 + -5 + 1.
-17
Evaluate -12 + 16 - 18 - (-15 - -2).
-1
Evaluate (-25 - -19) + 9 - (3 + 6).
-6
Evaluate (56 - 61) + (1 - 2).
-6
What is the value of 100 + -82 + -3 + 3?
18
What is (-54 - (-8 - 30)) + -19?
-35
Evaluate 10 + (-13 - -4) + (-11 - 15).
-25
-2 - (-2 - 28) - 54
-26
What is 0 + 16 + (-7 - -2 - 0)?
11
(12 - (-1 + 8)) + -2 + -3
0
Calculate (13 + -7 - 2) + -5 + 4.
3
Evaluate 5 + -7 + -1 + (2 - 2).
-3
11 + (-10 + 14 - 11)
4
Evaluate 5 + (6 + 2 + -3 - 2).
8
What is 7 - (13 - (-7 + (1 - 6)))?
-18
Evaluate 0 - -18 - (-33 + 9 - -35).
7
What is (-5 - 1) + 4 + (12 + -11 - 28)?
-29
Calculate -31 - -7 - ((-8 - -13) + -5) - -7.
-17
Calculate -35 + 30 + (2 - (-6 + 4)).
-1
Evaluate 27 + (-20 - -7) - 7.
7
What is the value of (-8 + 12 + -10 - -9) + 7?
10
-4 + (-1 - (-3 - 11)) - 20
-11
What is the value of 40 + -41 + -8 + 5 + 2 + 34?
32
What is 25 - 9 - (44 + -32)?
4
What is the value of -5 + (3 - -8) + -5 + 0?
1
What is 1 - -8 - (34 + -29 - -11)?
-7
Evaluate 4 + -8 - (-1 - -5 - 3).
-5
-2 + 21 + -84 + 69
4
Evaluate -14 + 11 + -8 + 7.
-4
Evaluate 19 - (-4 - -3 - -18).
2
What is the value of 31 - 29 - (12 + -8)?
-2
Evaluate (75 - 77) + (14 - 0).
12
(-2 - -2 - -13 - (9 + -3)) + 0
7
-1 - 1 - (-24 - -19 - -15)
-12
What is -75 + 46 + 72 - 5?
38
What is the value of (-3 + -4 + 9 + -5 - 6) + 6?
-3
Evaluate 23 + -29 - (4 + -10).
0
Evaluate (-32 - -64 - 14) + 2 + 0.
20
Evaluate 32 + -17 + 11 + -2.
24
What is the value of 3 + -10 + (7 - (-10 - -19))?
-9
What is the value of -15 + 5 - (-8 - 2 - 8)?
8
What is (-40 - -39) + 13 + -2 - 11 - 0?
-1
What is the value of -8 - (-3 + 2) - (2 + 26 - 31)?
-4
What is 15 + (-12 - -6 - 16)?
-7
Calculate (34 - 3) + (277 - 330).
-22
What is 15 + (-2 - -3) - 3?
13
Calculate 554 - 551 - (17 + 0).
-14
-32 - (-48 - 17) - (0 + 11)
22
Evaluate 5 + -10 + 0 + -2 - (-17 - 1).
11
Evaluate -3 - (22 + -7 + -23).
5
(2 - 11) + 14 + 10 + (-1 - 4)
10
Calculate (11 - 25) + -1 + -1 + 6 + -4.
-14
What is 4 + (4 - -1) + -7 + (4 - -3)?
9
Evaluate (10 - (2 + 6)) + 14.
16
Evaluate -2 + 8 + -3 - ((-30 - -49) + 18).
-34
What is the value of 4 - (-19 - -28 - 19)?
14
What is the value of -1 + 24 - -1 - (-118 + 125)?
17
What is 53 + -59 + 1 + -4?
-9
Evaluate -9 - -19 - (4 + 18 + 2).
-14
Evaluate (-3 - (2 + -16)) + (-10 + 9 - -7).
17
-10 - ((6 + -7 - 7) + 1)
-3
Evaluate 11 + -18 + (8 - 3).
-2
Calculate (-5 - 0) + 41 + -17 + 5 + 2.
26
19 + (0 - (3 + 1)) + -4 + 2
13
Evaluate -2 + 9 + -21 + -15 + 31.
2
What is (-13 - (-6 - 27)) + -5?
15
99 + -87 - (0 + 15)
-3
What is 34 + -5 + (-7 - 2) + -2?
18
-14 + -1 + 14 + -8 + 4
-5
Calculate 9 + -3 + 3 - 0.
9
What is -8 - (-14 - -5 - (29 - 15))?
15
Evaluate 19 + -20 - (-14 + 5 + -2).
10
(2 - (1 + 1)) + 2 - (-6 + 2)
6
Calculate 3 + 7 - (-26 - -44 - 14).
6
What is the value of 9 + (2 - 1) + 1173 + -1194?
-11
What is -2 + 19 - ((118 - 124) + 2 + 1)?
20
Calculate (-173 - -158) + (8 - 2).
-9
Calculate 19 + (13 - -11) + -56.
-13
What is the value of 33 + (0 + -6 - (-55 - -57))?
25
What is the value of (6 - 0) + (4 - 4)?
6
What is 32 - 26 - 18 - -28?
16
Evaluate 26 + -42 + (0 - -10).
-6
12 + -9 + -6 + 21
18
Calculate 4 - ((7 - 14) + 8).
3
Evaluate (-2 - (-24 + 18)) + -10.
-6
Evaluate -105 + 72 - (-4 - 16).
-13
Evaluate 0 + 1 - (46 + -24 + -23) - 11.
-9
24 - (-10 + 17 + (-4 - 5) - -10)
16
What is the value of 1 + 3 + 157 + -174?
-13
Calculate 24 + 12 + -46 - (1 - 1 - 31).
21
What is the value of (-11 - -15) + -7 - 1 - (-6 - -1)?
1
What is the value of 42 - (-6 + 10) - 10 - 4 - -5?
29
Evaluate -11 + 30 + 2 - (4 + 0).
17
What is the value of 7 - 4 - (-5 - (1 + (-4 - 1)))?
4
What is the value of 21 + (-14 - (-35 + 50))?
-8
What is the value of 1 - (7 - ((1 - -3) + -6 - -9))?
1
Calculate (2 - -2) + 0 + 3 - (1 + -2).
8
What is 2 + -11 + 4 - 10 - (-10 - -4)?
-9
(-11 - 21 - -10) + (9 - (-5 - -10))
-18
(28 - 30 - (3 + 1) - -9) + 10
13
Calculate 1 - (-19 + 10 - -11).
-1
Evaluate (1 - -5 - (118 + -118)) + -9.
-3
Evaluate -14 - (3 + -12 + 3) - -7.
-1
Calculate (-2 - 1) + -13 + 4.
-12
-2 + 5 - (5 - 42) - (-20 - -30)
30
What is the value of -104 - -93 - (-6 - 3)?
-2
-11 - 1 - (-6 - 8)
2
(-4 - -4) + -5 - (7 - 1 - -1)
-12
What is -17 + (8 - 0 - -4)?
-5
What is -2 + (-3 - (-5 - -7)) + 16?
9
Calculate 2 + -3 + -10 + 7 + 0 + -7.
-11
Evaluate -1 + 10 + 138 + -142.
5
Evaluate 22 + 9 + (6 - 30) + 0.
7
Evaluate 9 - 32 - -16 - 7.
-14
What is -2 + 5 + (-136 - -139)?
6
Evaluate 7 + 0 + -25 + 29.
11
What is the value of -3 + (5 - 7) - (-1 + -2) - 6?
-8
Calculate (-4 - 3 - 4) + -2.
-13
What is the value of 6 + (8 + -16 - -1)?
-1
What is the value of 8 + -15 + 30 + -17 + -31?
-25
Calculate 342 - 364 - (-1 - 18).
-3
What is -39 + -7 + 42 - (13 + 1)?
-18
4 + -17 + 23 + -25
-15
Calculate -6 - (1 + (-6 - 4 - 3)).
6
What is the value of 18 + 10 + (-6 - (-1 - -2))?
21
Evaluate 3 + (42 + -49 - (-5 - 2)) + -18.
-15
What is 17 + (3 - 2) + (-236 - -251)?
33
Calculate -1 - -13 - (40 - 26 - (3 + -12)).
-11
0 + 10 + (2 - (3 + -10) - 13)
6
5 + -6 - (-2 - (16 - (8 - 9)))
18
Evaluate 2 + (2 - 20) + -6 + 10 + 0.
-12
What is -17 + (-6 + 7 + 9 - 8)?
-15
Evaluate -3 + -3 + 5 + 8 + -6 + 0.
1
(7 - (-9 - (3 + -5))) + 1 + -4
11
Evaluate 7 - (1 + 19) - (-1 - 3).
-9
Calculate 17 - (-18 + 18 + 19).
-2
Evaluate 0 + -27 - (1 - ((-24 - -8) + 20)).
-24
Calculate (18 - (-25 - -11 - -11)) + 4.
25
(-5 - (5 - 7)) + (-2 - (2 - 3))
-4
What is -6 - (9 + 1 - (2 + 0))?
-14
Evaluate 40 - ((73 - 22) + -22).
11
Calculate 2 + (0 - (-1 - -8)) + 53 + -57.
-9
-14 + (13 - -18 - 12)
5
What is the value of -23 + 19 + -10 + 10?
-4
Evaluate 1 - -1 - (-348 - -357).
-7
What is 2 - (4 + -3 - -9)?
-8
Evaluate 10 + -5 + -1 - (-5 + 6).
3
What is -23 + (46 + -10 - 24)?
-11
35 + (-4 - (-19 - -26))
24
What is the value of 1 + 0 + 0 + (390 - 389)?
2
What is -18 - -15 - 4 - -9?
2
Calculate 4 - (13 - (-3 + 4)) - -9.
1
-9 + 2 + -5 + 2 + -1
-11
Evaluate (1 + -1 - (1 - -4)) + (-111 - -128).
12
What is 66 - 49 - (17 + -1)?
1
Evaluate (3 - 9) + (4 - -2) - (0 - 3).
3
7 - -1 - (10 + 2 - 8) - -20
24
Cal